0).
6
Let n(l) = -l**3 - 7*l**2 + 9*l + 1. Determine n(-8).
-7
Let j(x) = x**3 - 8*x**2 - 6*x + 17. Give j(5).
-88
Let c(m) = -m**2 + 7*m + 2. Determine c(6).
8
Let y(p) = 6*p - 18. Calculate y(3).
0
Let f(k) = -k**2 - 9*k + 13. Calculate f(-11).
-9
Let r(f) = f**3 + 10*f**2 + 6*f + 12. Determine r(-9).
39
Let x(l) = 3*l - 59. Calculate x(18).
-5
Let o(l) = 34*l - 34. Determine o(1).
0
Let g(d) = 2*d**2 - 4*d + 3. Give g(3).
9
Let r(l) = l**2 + 6*l + 8. Determine r(-7).
15
Let y(m) = 2*m**3 - 22*m**2 + 17*m + 23. What is y(10)?
-7
Let t(x) = -x**3 + x**2 + 42*x - 66. Calculate t(6).
6
Let v(i) = 33*i + 29. Calculate v(-2).
-37
Let c(l) = 3*l + 32. Determine c(-9).
5
Let l(n) = -4*n + 26. Give l(13).
-26
Let a(w) = 3*w**3 - 6*w**2 + 3*w - 8. Determine a(2).
-2
Let p(z) = -4*z - 22. What is p(-7)?
6
Let s(z) = -z**3 - 2*z**2 + 3*z. Give s(-4).
20
Let f(s) = -17*s**3 + s**2 - 2*s + 1. Calculate f(1).
-17
Let u(h) = h**3 - 3*h**2 + h - 4. Give u(6).
110
Let j(x) = -x**3 + 4*x**2 - 2*x - 7. What is j(3)?
-4
Let h(a) = -a**3 - 16*a**2 + 19*a + 15. Give h(-17).
-19
Let j(q) = q**3 - 12*q**2 + 21*q - 2. What is j(10)?
8
Let k(m) = 2*m**2 + 2*m + 1. Determine k(1).
5
Let j(f) = f**3 + 43*f**2 - 142*f - 190. Calculate j(-46).
-6
Let b(t) = -t**3 - 12*t**2 - 11*t + 8. Calculate b(-11).
8
Let x(q) = -7*q**2 - 6*q - 4. Determine x(3).
-85
Let g(d) = -2*d**2 + 12*d - 22. Determine g(3).
-4
Let z(r) = -4*r + 10. Determine z(19).
-66
Let k(l) = 4*l**2 + 3*l + 6. Determine k(-2).
16
Let d(g) = g**3 + 18*g**2 - 14*g + 115. Determine d(-19).
20
Let o(r) = r**3 - 5*r**2 - 5*r + 10. Determine o(5).
-15
Let t(r) = r**3 + 6*r**2 + 14*r + 53. Give t(-5).
8
Let w(d) = 3*d + 13. Calculate w(-17).
-38
Let t(m) = -3*m**2 - 10*m + 29. Give t(-5).
4
Let r(g) = -g**3 - 17*g**2 + 20*g + 33. Give r(-18).
-3
Let n(t) = -6*t - 3. Determine n(3).
-21
Let n(g) = 2*g**2 + 36*g + 168. Determine n(-9).
6
Let y(d) = -d**3 + 14*d**2 + 48*d + 69. Determine y(17).
18
Let j(d) = -4*d**2 - 3*d. Calculate j(-3).
-27
Let q(x) = 3*x + 2. Give q(-6).
-16
Let z(j) = j**3 + 20*j**2 + 2*j + 27. Determine z(-20).
-13
Let a(f) = -f**2 + 3*f - 3. Determine a(3).
-3
Let c(x) = -x**3 + 2*x**2 - 30. Give c(0).
-30
Let l(w) = -w**3 - 3*w**2 + 6*w + 13. Calculate l(-4).
5
Let n(l) = l**3 + 8*l**2 - 20*l - 2. Give n(-10).
-2
Let l(d) = -d**3 - 4*d**2 - 4*d - 3. Give l(-2).
-3
Let g(l) = -l**2 - 3*l + 4. Determine g(3).
-14
Let o(f) = 7*f**3 - f**2 + 2. Determine o(2).
54
Let w(c) = c**3 - c**2 + 3*c - 6. Give w(0).
-6
Let c(y) = y**2 + y - 3. Calculate c(6).
39
Let m(u) = 21*u. What is m(1)?
21
Let b(k) = 6*k. Give b(5).
30
Let f(r) = -r**2 + 6*r - 9. Give f(3).
0
Let t(k) = 13*k**3 - k**2. Determine t(1).
12
Let j(d) = -4*d**2 + 4*d + 9. Calculate j(-2).
-15
Let o(h) = 10*h + 39. What is o(-6)?
-21
Let v(y) = 12*y - 400. Give v(33).
-4
Let g(t) = -4*t + 90. What is g(17)?
22
Let g(w) = 7*w + 31. Calculate g(-5).
-4
Let f(x) = 6*x + 15. Calculate f(-5).
-15
Let c(h) = -h**3 + 23*h**2 - 25*h + 33. What is c(22)?
-33
Let v(z) = -z**3 + 22*z**2 - 4*z - 24. Give v(22).
-112
Let m(w) = 13*w - 9. Give m(4).
43
Let s(p) = p**3 + 4*p**2 + 8*p + 8. What is s(-5)?
-57
Let d(t) = -t**3 + 8*t**2 + 8*t + 19. Calculate d(9).
10
Let m(d) = 33*d + 1. Give m(1).
34
Let c(t) = 2*t**2 + t + 5. Give c(0).
5
Let k(t) = -3*t + 8. Give k(3).
-1
Let d(k) = k**3 + 5*k**2 - 6*k - 8. Give d(-4).
32
Let x(y) = y**3 + 15*y**2 + 24*y + 42. Give x(-14).
-98
Let o(j) = -j**2 + 21*j - 83. What is o(6)?
7
Let k(u) = u**3 - 31*u**2 - 28*u - 132. What is k(32)?
-4
Let l(y) = -y - 3. Determine l(-13).
10
Let n(x) = 15*x + 13. Calculate n(-4).
-47
Let m(r) = -r + 9. Give m(18).
-9
Let l(u) = -u - 6. What is l(-24)?
18
Let k(p) = -p**2 - 2*p + 40. Determine k(5).
5
Let d(t) = 3*t - 30. Determine d(12).
6
Let r(j) = j**2 - 18*j - 47. Give r(21).
16
Let q(k) = -k**3 + 15*k**2 + 55*k - 40. What is q(18)?
-22
Let p(o) = -3*o**3 - 21*o**2 + 12*o + 87. What is p(-7)?
3
Let a(j) = -j**2 + 23*j - 49. Give a(23).
-49
Let q(f) = f**3 - 4*f**2 + f - 3. Give q(4).
1
Let r(w) = w**3 + 13*w**2 - 16*w - 29. What is r(-14)?
-1
Let n(v) = -v**3 + 10*v**2 - 9*v - 5. What is n(9)?
-5
Let d(a) = -28*a - 1. Determine d(-3).
83
Let h(w) = 7*w**2 - 43*w - 1. What is h(6)?
-7
Let c(n) = -8*n - 67. Determine c(-8).
-3
Let t(b) = b**3 - 13*b**2 - 14*b - 10. Determine t(14).
-10
Let d(i) = 9*i**2 + 2*i - 1. What is d(-2)?
31
Let d(m) = -m**3 - 2*m**2 + m. What is d(-3)?
6
Let q(n) = 2*n**3 + 39*n**2 - 17*n + 57. Determine q(-20).
-3
Let s(f) = 69*f + 65. Determine s(-1).
-4
Let s(y) = y**3 - 16*y**2 + 5*y - 71. Calculate s(16).
9
Let b(a) = a**3 - 4*a**2 + a - 5. Calculate b(3).
-11
Let u(d) = -d**3 + 5*d**2 + 7*d + 5. Calculate u(6).
11
Let k(y) = y**2 - 8*y + 2. Calculate k(8).
2
Let s(k) = -k**3 - 6*k**2 - 5*k. Determine s(-3).
-12
Let l(z) = z**2 - 9*z - 73. Give l(14).
-3
Let q(i) = 2*i**2 + 14*i + 25. Determine q(-4).
1
Let o(z) = 3*z + 25. What is o(-9)?
-2
Let p(h) = h - 3. Give p(-1).
-4
Let v(i) = 6*i + 52. Calculate v(-20).
-68
Let z(a) = 28*a + 26. What is z(-1)?
-2
Let g(h) = 17*h. Determine g(1).
17
Let b(m) = -m**3 + 15*m**2 - 36*m + 5. Determine b(12).
5
Let z(h) = 17*h - 323. Calculate z(19).
0
Let w(l) = -10*l - 43. Calculate w(-4).
-3
Let d(i) = i**3 + 15*i**2 + i + 13. Calculate d(-15).
-2
Let c(o) = 9*o. Calculate c(5).
45
Let z(x) = -2*x. Give z(-1).
2
Let j(q) = -q**2 + 18*q - 44. Calculate j(14).
12
Let g(z) = -z**3 + 21*z**2 - 18. What is g(21)?
-18
Let p(l) = -12*l - 175. What is p(-14)?
-7
Let s(j) = -j - 27. Give s(-31).
4
Let m(d) = 5*d + 224. Determine m(-44).
4
Let l(r) = 103*r + 1239. Give l(-12).
3
Let a(w) = -10*w - 1. Determine a(-1).
9
Let i(v) = -v**3 + 13*v**2 - 8*v + 110. Calculate i(13).
6
Let v(g) = -3*g - 35. Give v(-11).
-2
Let y(u) = u**3 - 12*u**2 + 33*u - 143. Give y(10).
-13
Let l(t) = t**2 + 3*t + 10. What is l(-3)?
10
Let k(p) = 6*p**2 + 8*p - 10. Determine k(1).
4
Let a(p) = 6*p**3 - 5*p**2 + 6*p + 2. Give a(2).
42
Let w(i) = -4*i + 13. Calculate w(4).
-3
Let h(q) = 13*q + 1. Give h(-1).
-12
Let k(f) = -2*f**2 - 79*f - 772. Calculate k(-22).
-2
Let k(g) = -g**3 + 3*g**2 + 4*g + 3. Calculate k(5).
-27
Let x(w) = 21*w - 38. Give x(3).
25
Let p(i) = -i**3 - 5*i**2 - 5. What is p(-4)?
-21
Let q(h) = h + 117. What is q(0)?
117
Let u(j) = -j - 5. Give u(-1).
-4
Let o(q) = -10*q - 2. Calculate o(1).
-12
Let w(i) = i**3 + 8*i**2 - 6*i + 5. What is w(-8)?
53
Let b(n) = -n**3 - 8*n**2 + 5*n - 26. Determine b(-9).
10
Let x(d) = -d**3 + d**2 + 10. Give x(3).
-8
Let r(u) = -u**2 + 14*u + 8. Calculate r(14).
8
Let o(x) = -5*x - 2. What is o(1)?
-7
Let x(v) = v + 21. Calculate x(23).
44
Let o(v) = -v + 7. Give o(-1).
8
Let l(t) = 5*t**2 - 5*t - 6. Determine l(2).
4
Let n(w) = w - 10. Calculate n(-3).
-13
Let b(h) = h - 3. What is b(13)?
10
Let n(o) = -2*o**3 - 18*o**2 + 4*o + 44. Determine n(-9).
8
Let i(u) = -u**3 - 16*u**2 + 33*u - 46. Give i(-18).
8
Let y(w) = -16*w + 11. Calculate y(3).
-37
Let j(a) = a**3 + 7*a**2 - 11*a - 18. What is j(-8)?
6
Let f(z) = -z**3 + 7*z**2 + 3*z - 25. Calculate f(7).
-4
Let n(y) = 5*y + 5. What is n(5)?
30
Let o(j) = j**2 - 3*j - 17. Give o(-3).
1
Let c(r) = r**3 - 12*r**2 - 13*r + 4. Calculate c(13).
4
Let f(z) = z**3 - 15*z**2 - 33*z - 35. Calculate f(17).
-18
Let l(o) = o**2 - 5*o - 12. What is l(7)?
2
Let w(x) = x**2 + 1. Give w(4).
17
Let c(p) = 4*p - 10. What is c(3)?
2
Let a(k) = -k**3 + 8*k**2 - k + 5. Give a(8).
-3
Let c(f) = -f - 49. Determine c(-16).
-33
Let x(n) = -21*n + 98. What is x(5)?
-7
Let r(g) = -g**3 + 2*g**2 - g + 89. What is r(0)?
89
Let z(c) = -c**2 + 3*c + 2. Determine z(6).
-16
Let k(q) = 2*q**2 - 7. Give k(-7).
91
Let o(f) = 3*f - 5. Calculate o(10).
25
Let z(a) = -12*a - 81. Calculate z(-7).
3
Let q(j) = -6*j**2 + 10*j - 7. What is q(2)?
-11
Let u(k) = -k**3 - 8*k**2 - k - 1. What is u(-6)?
-67
Let g(a) = -3*a**2 + 17*a + 4. Give g(8).
-52
Let n(p) = -p**2 + 3*p + 13. What is n(5)?
3
Let r(z) = z**3 + z**2 + 6. What is r(0)?
6
Let l(z) = 5*z - 6. Determine l(7).
29
Let s(y) = y**3 - 14*y**2 - 44*y + 197. Determine s(16).
5
Let k(z) = 212*z - 842. What is k(4)?
6
Let s(n) = -9*n**2 - 2*n - 1. Determine s(-1).
-8
Let z(j) = j**2 + 9*j + 15. Calculate z(-8).
7
Let d(f) =